 = o. Suppose x - 12 - 13 = 0. What is the remainder when x is divided by j?
11
Let v(k) = k**2 + 3*k. Let g be v(-8). Suppose 6*f - f = g. Calculate the remainder when (-32)/(-2) - f/8 is divided by 9.
6
Let u(i) = 2*i**2 - 2. Let b be u(0). Calculate the remainder when 1/b*(2 + -304) is divided by 22.
19
Let m(x) = x**2 - 11*x - 3. Let f be m(10). Let j(k) = -k**2 - 2 - 22*k - 9 - 17 + 16. What is the remainder when j(f) is divided by 27?
24
Let k(a) = a**2 + 31*a - 75. What is the remainder when k(14) is divided by 18?
15
Suppose 27*i + 0 = -243. Let b be (0 - 0) + 25*1. Let d = i + b. Calculate the remainder when 78 is divided by d.
14
Let d be (-3)/18 - (5/6 + 0). Calculate the remainder when 119 + (-2 - -2) - 1 is divided by (d/(-2))/(13/780).
28
Let q = -111 - -105. Let s(t) = -3*t - 10. What is the remainder when 18 is divided by s(q)?
2
Let p = 148 + -138. What is the remainder when 88 is divided by p?
8
Let m(q) = 2*q**2 + 37*q + 150. Let p(y) = -y**3 + 5*y**2 + 3*y - 3. Calculate the remainder when p(4) is divided by m(-13).
4
Suppose 25 + 37 = 2*c. Calculate the remainder when c is divided by 16.
15
Let t = 11 - 2. Let d(b) = -5*b - 15. Let v be d(-4). Suppose 4*y + q - 141 = 0, v*y + 3*q - 267 = -82. Calculate the remainder when y is divided by t.
7
Suppose 0 = 5*j - 5*i - 50, -j + 12 = 3*j + 3*i. Let s(b) = -3*b**2 + 48*b - 5. Let g be s(8). Let u = -165 + g. What is the remainder when u is divided by j?
4
Suppose 20*b - 25*b = -40. Calculate the remainder when 37 is divided by b.
5
Suppose 39 = 2*x - 0*g - 3*g, -2*x + 24 = 2*g. What is the remainder when 88 is divided by x?
13
Suppose -3*j + 135 = 4*p, j = -2*p - j + 70. Suppose 12 = 31*o - p*o. Calculate the remainder when 56 is divided by o.
8
Let k(v) = -4*v. Let r be 8/6 - 10/(-15). What is the remainder when k(-4) is divided by (3/9 - r)*-6?
6
Let h = -459 + 483. Calculate the remainder when 39 is divided by h.
15
What is the remainder when 607 is divided by 0 + ((-24)/(-2))/((-9)/(-12))?
15
Let r = 202 + -163. What is the remainder when r is divided by 20?
19
Suppose -3*k = -300 - 291. Let u = k + -138. What is the remainder when u is divided by 20?
19
Suppose 4*t + 7*n = 8*n - 50, 5*t = 5*n - 55. Let r(v) = 2*v**2 + 24*v - 11. Calculate the remainder when 87 is divided by r(t).
12
Suppose 5*v - y - 274 = 0, 20 - 78 = -v - 3*y. Suppose -27 = -4*r + 2*h + 17, -v = -5*r + 4*h. Calculate the remainder when 31 is divided by r.
9
Suppose -u = 12 + 90. Let f = u - -116. Let d(y) = 9*y + 3. What is the remainder when d(4) is divided by f?
11
Let r(l) = -2*l**2 + 22*l + 14. What is the remainder when 136 is divided by r(11)?
10
Let m(k) = -2*k**3 - 6*k**2 - k - 6. Let l(r) = r**3 + r. Let n(g) = -l(g) - m(g). Calculate the remainder when 16 is divided by n(-6).
4
Suppose 0 = -2*y + 45 - 33. Calculate the remainder when 30 is divided by y.
0
Suppose -971 = -12*n + 73. What is the remainder when 347 is divided by n?
86
Suppose 3*a + 4*v - 2 = -1, -3*a - 4 = 5*v. Suppose 3*b - 11 = 5*j, 0 = -5*b - 9*j + 6*j + a. What is the remainder when 4 is divided by b?
0
Suppose 4492 + 6368 = 20*l. What is the remainder when l is divided by 14?
11
Suppose 0 = -9*w + 7 + 38. Suppose 137 + 23 = w*h. What is the remainder when 62 is divided by h?
30
Let l(a) = a**2 - 11*a - 55. Calculate the remainder when 11 is divided by l(15).
1
Suppose 0 = -4*q + 22*q - 540. What is the remainder when q is divided by 15?
0
Suppose 5*s + 0*s = 30. Suppose 4*p - 3*p - 40 = 0. Suppose -v = -6*v + p. What is the remainder when v is divided by s?
2
Suppose -39*g + 3*h + 2832 = -35*g, -3*g + 2113 = -5*h. Calculate the remainder when g is divided by 8.
7
Suppose -2*b - 5*r = -68, 90 + 36 = 4*b + 5*r. Suppose -2*y = -0*y - 16. Suppose -y = x - 16. Calculate the remainder when b is divided by x.
5
Suppose -15 = 8*t - 11*t. Let g = 12 - t. Calculate the remainder when 23 is divided by g.
2
Suppose 6*q + 361 - 475 = 0. Calculate the remainder when 396 is divided by q.
16
Let l(n) = -2*n - 2. Let w be l(-2). Suppose w*f - 4*y - 7 = -1, 2*f = -2*y + 36. Calculate the remainder when 23 is divided by f.
10
Let v(b) = b**2 + 3*b - 12. Let m be 654/10 - (-10)/(-25). Calculate the remainder when (0 - (4 - 2)) + m is divided by v(-7).
15
Let w be 3*4/3 + 2. Let n be 10/3 + (-2)/w. Suppose -n*d - 2*t + 38 = -7, 5*t - 15 = -d. What is the remainder when 29 is divided by d?
14
Let d(z) be the first derivative of -z**4/4 - z**3/3 + z**2/2 - 2*z + 5. Let o(b) = b**2 + 4*b + 42. Calculate the remainder when o(-7) is divided by d(-3).
11
Suppose 5*u - 24 = 46. Suppose -30*h - 45 = -39*h. What is the remainder when u is divided by h?
4
Let v(w) = w**3 + 4*w**2 - 4*w - 2. Let x = -24 + 20. What is the remainder when 38 is divided by v(x)?
10
Suppose 723*b - 727*b = -64. What is the remainder when 47 is divided by b?
15
Suppose 41 = 3*y + 4*n, -4*y + 25 = -3*n - 38. Calculate the remainder when -8 - (-2 + 4405/(-40) + 7/56) is divided by y.
14
Suppose 3*d - 2*b = 68 + 59, -3*d = 4*b - 151. What is the remainder when d is divided by 14 + 0 - (23 - 25)?
13
Let w = -13 + 17. Suppose -l - 4*h = -7 - 2, -5*l + 4*h + 69 = 0. Calculate the remainder when l is divided by w.
1
Suppose n + 8 = 2*n. Let g = -17146 + 17181. What is the remainder when g is divided by n?
3
Let t = 8 + -5. Calculate the remainder when (-9*100/(-270))/(2/3) is divided by t.
2
Let b = -18 - -12. What is the remainder when (-2)/b - 2990/(-39) is divided by 13?
12
Suppose -3*y - 2*g = 35, 0 = 2*y + 2*g + g + 30. Let o = y + 12. Suppose -2*k + o = -7. Calculate the remainder when 18 is divided by k.
3
Suppose 23 = 2*p + 1. Suppose 217 + 368 = 5*t. Suppose -15*u + 198 = -t. Calculate the remainder when u is divided by p.
10
Let s be (-5)/((-10)/(-3))*14. Let k = 32 - s. Suppose -2*g - 54 = -5*g. Calculate the remainder when k is divided by g.
17
Calculate the remainder when (5 + -3)*377/26 is divided by 13.
3
Let g = 52 + -60. Calculate the remainder when 77 is divided by ((g/6)/(-2))/(11/330).
17
Let q(j) = j**3 + 10*j**2 - 4*j + 17. Calculate the remainder when 846 is divided by q(-10).
48
Suppose 5*u - 2*q = 134, -2*u + 43 = -3*q - 4. Suppose 0 = 2*z - 64 - 88. Let d = 158 - z. What is the remainder when d is divided by u?
26
Suppose -6*b + 9 = 9. Let r(j) = j**2 + 2*j + 2. Calculate the remainder when ((-15)/(-6) + b)/((-5)/(-10)) is divided by r(-2).
1
Suppose -2*n = -4*u + 10, 3*u + 6*n - 25 = 4*n. Suppose -21 = -u*z + 44. What is the remainder when 48 is divided by z?
9
Suppose -23*t = -22*t - 62. Let b = t + -21. What is the remainder when 119 is divided by b?
37
Suppose 8*o = -7 + 135. Suppose 3*w = 22 + 2. Let b = 53 - w. What is the remainder when b is divided by o?
13
Suppose 4*v = 4*b, -5*b - 12 = 4*v + 6. Suppose -4*a + p + 75 = -48, 159 = 5*a - 3*p. What is the remainder when a is divided by (8/5)/(v/(-10))?
6
Let z(g) = -g**3 - 7*g**2 + 9*g - 3. Let k be z(-8). Let m = k - -8. What is the remainder when 59 is divided by (-110)/33*(0 + m)?
9
Suppose -2*t - 2 = 0, 2*u + 4*t - 41 = 23. Calculate the remainder when 123 is divided by u + 2 + -7 + 2.
30
Let a = -9 + 14. Suppose -2*y - 4*z = -3*y - 29, 0 = 4*y + 2*z + 44. What is the remainder when (2/(-6))/(y/273) is divided by a?
2
Let r = 3 + -3. Suppose -2*g + 12 - 2 = r. Suppose 71 = g*y - 39. Calculate the remainder when 41 is divided by y.
19
Suppose 3*s - 8*s - 300 = 0. What is the remainder when (5/(s/8) - 0)*-99 is divided by 23?
20
Let d(n) = n**3 + 15*n**2 + n + 15. Let v be d(-15). Suppose 117 + v = 9*s. What is the remainder when s is divided by 4?
1
Let p(i) = 3 - 9*i - 5 + 12*i. Let n be p(3). Let g(k) = k**2 - 7*k + 8. Calculate the remainder when 31 is divided by g(n).
7
Let y = -24 - -22. What is the remainder when (y - (-3)/9)*(-54)/9 is divided by 4?
2
Let r(s) = 2*s + 4. Calculate the remainder when 62 is divided by r(18).
22
Let m(w) = -39*w**3 - 3*w - 2. Let g be m(-1). Suppose -a = -3, 5*z + 3*a - 24 - g = 0. What is the remainder when 19 is divided by z?
8
Let r = 4 - -7. Suppose h = j - r, 0*h = 3*j + 2*h - 38. What is the remainder when 141 is divided by j?
9
Calculate the remainder when 9100/8 + (-7)/(-14) is divided by 30.
28
Suppose -4*k - 4 = 0, 2*k + 22 + 16 = 4*b. Suppose 4*z = 0